{"id":23249,"date":"2025-11-16T11:00:51","date_gmt":"2025-11-16T10:00:51","guid":{"rendered":"https:\/\/weticoto.myhostpoint.ch\/?page_id=23249"},"modified":"2026-01-11T18:01:59","modified_gmt":"2026-01-11T17:01:59","slug":"datenschutzerklarung","status":"publish","type":"page","link":"https:\/\/ap3.ch\/home\/datenschutzerklarung\/","title":{"rendered":"Datenschutzerkl\u00e4rung"},"content":{"rendered":"\t\t<div data-elementor-type=\"wp-page\" data-elementor-id=\"23249\" class=\"elementor elementor-23249\" data-elementor-post-type=\"page\">\n\t\t\t\t<div class=\"elementor-element elementor-element-6d57b14f e-flex e-con-boxed e-con e-parent \" data-id=\"6d57b14f\" data-element_type=\"container\">\t\t\t<div class=\"e-con-inner\">\r\n\t\t\t\t<div class=\"elementor-element elementor-element-72318a67 elementor-widget elementor-widget-text-editor\" data-id=\"72318a67\" data-element_type=\"widget\" data-widget_type=\"text-editor.default\">\n\t\t\t\t\t\t\t\t\t<h4>1. Worum geht es in dieser Datenschutzerkl\u00e4rung?<\/h4><p>Wir erl\u00e4utern in dieser Datenschutzerkl\u00e4rung, wie wir im Rahmen unserer Gesch\u00e4ftst\u00e4tigkeit und im Zusammenhang mit unserer Website Personendaten bearbeiten, soweit eine Bearbeitung nicht offensichtlich ist und das anwendbare Datenschutzrecht eine Information verlangt. Diese Datenschutzerkl\u00e4rung dient der Information und ist nicht Bestandteil eines Vertrags mit Ihnen, auch wenn ein Vertrag auf diese Datenschutzerkl\u00e4rung verweist.<\/p><p>Falls Sie weitere Informationen zu unserer Datenbearbeitung w\u00fcnschen, wenden Sie sich gerne an uns (Ziff. 2).<\/p><p>\u00a0<\/p><h4>2. Wer ist f\u00fcr die Bearbeitung Ihrer Daten verantwortlich?<\/h4><p>F\u00fcr die Datenbearbeitungen nach dieser Datenschutzerkl\u00e4rung ist folgende Gesellschaft der \u00abVerantwortliche\u00bb, d.h. die datenschutzrechtlich in erster Linie zust\u00e4ndige Stelle (auch \u00abwir\u00bb):<\/p><p>Atelier P3 AG<br \/>Fassadenplanung<br \/>Hardturmstrasse 171<br \/>8005 Z\u00fcrich<\/p><p>Wenn Sie Fragen zum Datenschutz haben, k\u00f6nnen Sie sich gerne an vorstehende Adresse wenden oder uns unter folgender E-Mail-Adresse kontaktieren:<\/p><p>info@ap3.ch<\/p><p>\u00a0<\/p><h4>3. Wie bearbeiten wir Daten im Zusammenhang mit unseren Produkten und Dienstleistungen?<\/h4><p>Wenn Sie unsere Produkte und Dienstleistungen (zusammen \u00abLeistungen\u00bb) in Anspruch nehmen, bearbeiten wir Daten f\u00fcr die Vorbereitung des Vertragsschlusses und f\u00fcr die Durchf\u00fchrung des entsprechenden Vertrags. Unsere Leistungen richten sich prim\u00e4r an Personen mit Wohnsitz und gew\u00f6hnlichem Aufenthalt in der Schweiz:<\/p><p>\u2014 Wenn wir mit Ihnen einen Vertrag schliessen, bspw. einen Auftrag zur Fassadenplanung, bearbeiten wir die Daten aus dem Vorfeld des Vertragsschlusses, (z.B. in Bestellformularen oder in E-Mails) und Angaben zum Vertragsschluss selbst (z.B. Abschlussdatum und Vertragsgegenstand). W\u00e4hrend und nach der Vertragsdauer bearbeiten wir Angaben zum Vertrag bzw. zum Bezug von Leistungen, zu Zahlungen, Kontakten mit dem Kundendienst, Forderungen, Beanstandungen, zur Beendigung des Vertrags und \u2013 falls es zu Auseinandersetzungen im Zusammenhang mit dem Vertrag kommen sollte \u2013 auch zu diesen und entsprechenden Verfahren.<\/p><p>\u2014 Wir bearbeiten die genannten Daten auch f\u00fcr statistische Auswertungen, die die Verbesserung und Entwicklung von Produkten und Gesch\u00e4ftsstrategien unterst\u00fctzen. Wir k\u00f6nnen sie auch personenbezogen zu Marketingzwecken verwenden; dazu finden Sie in Ziff. 4 weitere Angaben.<\/p><p>Bei Vertragspartnern, die Unternehmen sind, bearbeiten wir nur eingeschr\u00e4nkt Personendaten, weil das Datenschutzrecht Daten nat\u00fcrlicher Personen (d.h. von Menschen) erfasst. Wir bearbeiten aber Daten der Kontaktpersonen, mit denen wir in Kontakt stehen, z.B. Name, Kontaktangaben, Berufsangaben und Angaben aus der Kommunikation, und Angaben \u00fcber F\u00fchrungspersonen usw., als Teil der allgemeinen Informationen \u00fcber Unternehmen, mit denen wir zusammenarbeiten.<\/p><p>Es kann sein, dass Sie uns Daten \u00fcbermitteln, die sich auch auf andere Personen beziehen (z.B. Stellvertreter, Arbeitskolleg*innen, Angeh\u00f6rige, wirtschaftlich Berechtigte). Wir gehen davon aus, dass diese Daten richtig sind und Sie berechtigt sind, sie uns zur Verf\u00fcgung zu stellen. Wir bitten Sie, diese Personen Ihrerseits \u00fcber unsere Datenbearbeitung zu informieren (z.B. durch einen Hinweis auf diese Datenschutzerkl\u00e4rung).<\/p><p>\u00a0<\/p><h4>4. Wie bearbeiten wir Daten im Zusammenhang mit Werbung?<\/h4><p>Wir bearbeiten Personendaten auch, um unsere Leistungen zu bewerben:<\/p><p><strong>\u2014 Newsletter:<\/strong> Wir versenden elektronische Informationen und Newsletter, die Werbung f\u00fcr unsere Angebote enthalten k\u00f6nnen. Wir fragen vorher nach Ihrer Einwilligung, ausser wenn wir bestimmte Angebote gegen\u00fcber bestehenden Kunden bewerben.<\/p><p><strong>\u2014 Online-Werbung:<\/strong> Dazu finden Sie in Ziff. 6 Erl\u00e4uterungen.<\/p><p><strong>\u2014 Veranstaltungen:<\/strong> Wir k\u00f6nnen Veranstaltungen durchf\u00fchren. Wenn Sie daran teilnehmen, bearbeiten wir die Anmeldedaten zur Organisation und Durchf\u00fchrung der Veranstaltung und allenfalls, um Sie im Anschluss zu kontaktieren. [Wir k\u00f6nnen an der Veranstaltung auch Aufnahmen machen, die wir bspw. in sozialen Netzwerken teilen. In diesem Fall weisen wir Sie gesondert darauf hin.<\/p><p><strong>\u2014 Werbeanrufe:<\/strong> Wir k\u00f6nnen unsere Kunden und in Einzelf\u00e4llen auch potenzielle Kunden anrufen und dabei die entsprechenden Daten \u00fcber unsere Gespr\u00e4chspartner und ggf. verbundene Personen beim angerufenen Unternehmen bearbeiten.<\/p><p><strong>\u2014 Marktforschung:<\/strong> Wir k\u00f6nnen auch Personendaten bearbeiten, um Leistungen zu verbessern und neue Produkte zu entwickeln, z.B. Angaben \u00fcber Ihre Eink\u00e4ufe oder Ihre Reaktion auf Newsletter oder Angaben aus Kundenbefragungen und Umfragen oder aus Social Media, von Medienbeobachtungsdiensten und aus \u00f6ffentlichen Quellen.<\/p><p>\u00a0<\/p><h4>5. Wie geben wir Daten bekannt?<\/h4><p>Wir k\u00f6nnen Personendaten im Rahmen unserer T\u00e4tigkeit an verschiedene Stellen bekanntgeben. Dazu geh\u00f6ren insbesondere folgende Empf\u00e4nger:<\/p><p>\u2014 mit Ihnen verbundene Personen, bspw. Bevollm\u00e4chtigte, B\u00fcrgen, Stellvertreter, und bei Kontaktpersonen von Unternehmen Mitarbeitende und das Unternehmen selbst;<\/p><p>\u2014 \u00c4mter, Beh\u00f6rden und Gerichte im Rahmen unserer gesetzlichen Pflichten und im Zusammenhang mit Verfahren, in denen wir Partei oder Drittbetroffene sind;<\/p><p>\u2014 Dritte, bspw. im Zusammenhang mit dem Erwerb oder Verkauf von Verm\u00f6genswerten durch uns;<\/p><p>\u2014 Dienstleister, besonders Anbieter von IT-Dienstleistungen (Beispiele sind Anbieter von Hosting- oder Datenanalyseleistungen), von Administrations- und<br \/>Beratungsleistungen, von Versand- und Logistikleistungen, oder von Unterbeauftragten f\u00fcr die Umsetzung der Fassadenplanung; ferner auch Leistungen<br \/>von Banken, der Post usw. Zu Dienstleistern f\u00fcr unsere Webseite finden Sie unter Ziff. 6 Angaben. Dabei k\u00f6nnen diese Dienstleister im erforderlichen Umfang<br \/>jeweils auch Personendaten bearbeiten.<\/p><p>Die Empf\u00e4nger von Daten befinden sich nicht nur in der Schweiz. Das betrifft besonders Gruppenunternehmen und bestimmte Dienstleister (besonders IT-Dienstleister). Diese und ihre Unterauftragnehmer haben Standorte sowohl innerhalb der EU bzw. des EWR, aber auch in anderen L\u00e4ndern weltweit, z.B. in den USA. Wir k\u00f6nnen auch Beh\u00f6rden und anderen Personen im Ausland Daten \u00fcbermitteln, wenn wir rechtlich dazu verpflichtet sind oder z.B. im Rahmen eines Unternehmensverkaufs oder eines Gerichtsverfahrens (dazu Ziff. 5). Nicht alle dieser Staaten verf\u00fcgen \u00fcber einen angemessenen Datenschutz. Wir gleichen den niedrigeren Schutz durch entsprechende Vertr\u00e4ge aus, besonders die sog. Standardvertragsklauseln der Europ\u00e4ischen Kommission, die https:\/\/eur-lex.europa.eu\/legal-content\/DE\/TXT\/HTML\/?uri=CELEX:32021D0914 abrufbar sind. In bestimmten F\u00e4llen k\u00f6nnen wir Daten im Einklang mit datenschutzrechtlichen Vorgaben auch ohne solche Vertr\u00e4ge \u00fcbermitteln, z.B. wenn Sie in die entsprechende Bekanntgabe eingewilligt haben oder wenn die Bekanntgabe f\u00fcr die Vertragsabwicklung, f\u00fcr die Feststellung, Aus\u00fcbung oder Durchsetzung von Rechtsanspr\u00fcchen oder f\u00fcr \u00fcberwiegende \u00f6ffentlichen Interessen erforderlich ist.<\/p><p>\u00a0<\/p><h4>6. Wie bearbeiten wir Daten im Zusammenhang mit unserer Website?<\/h4><p>\u00a0<\/p><h4>6.1. Welche Daten fallen bei der Nutzung unserer Website an?<\/h4><p>Bei jeder Verwendung unserer Webseite fallen aus technischen Gr\u00fcnden bestimmte Daten an, die in Protokolldateien (Log-Daten) tempor\u00e4r gespeichert werden, vor allem die IP-Adresse des Endger\u00e4ts, Angaben \u00fcber den Internet-Service-Provider und \u00fcber das Betriebssystem Ihres Endger\u00e4ts, Angaben zur verweisenden URL, Angaben zum verwendeten Browser, Datum und Zeit des Zugriffs, und aufgerufene Inhalte beim Besuch der Webseite.<\/p><p>Unsere Website verwendet zudem Cookies, d.h. Dateien, die Ihr Browser automatisch auf Ihrem Endger\u00e4t speichert. Dadurch k\u00f6nnen wir einzelne Besucher unterscheiden, in der Regel aber ohne sie zu identifizieren. Cookies k\u00f6nnen auch Informationen \u00fcber aufgerufene Seiten und die Dauer des Besuchs enthalten. Bestimmte Cookies (\u00abSession-Cookies\u00bb) werden beim Schliessen des Browsers gel\u00f6scht. Andere (\u00abdauerhafte Cookies\u00bb) bleiben f\u00fcr eine bestimmte Dauer gespeichert, damit wir Besucher bei einem sp\u00e4teren Besuch wiedererkennen k\u00f6nnen. Wir k\u00f6nnen auch andere Technologien z.B. zur Speicherung von Daten im Browser verwenden, aber auch zur Wiedererkennung, z.B. Pixel Tags oder Fingerprints. Pixel Tags sind unsichtbare Bilder oder ein Programmcode, die von einem Server geladen werden und bestimmte Auswertungen erlauben. Fingerprints sind Angaben \u00fcber die Konfiguration Ihres Endger\u00e4ts, die Ihr Endger\u00e4t von anderen Ger\u00e4ten unterscheidbar machen.<\/p><p>Log-Daten und Daten, die wir \u00fcber Cookies und \u00e4hnliche Technologien erheben, verwenden wir, damit unsere Webseite verwendet werden kann, ferner um die Systemsicherheit und\u00a0 stabilit\u00e4t zu gew\u00e4hrleisten und unsere Website zu optimieren und zu statistischen Zwecken. Cookies und andere Technologien k\u00f6nnen zudem von Drittunternehmen stammen, die uns bestimmte Funktionen bereitstellen. Dazu finden Sie anschliessend weitere Angaben.<\/p><p>Sie k\u00f6nnen Ihren Browser in den Einstellungen so konfigurieren, dass er bestimmte Cookies oder \u00e4hnliche Technologien blockiert, oder Cookies und andere gespeicherte Daten l\u00f6scht. Mehr dazu finden Sie in den Hilfeseiten Ihres Browsers (meist unter dem Stichwort \u00abDatenschutz\u00bb).<\/p><p>\u00a0<\/p><h4>6.2. Wie bearbeiten unsere Dienstleister Daten f\u00fcr unsere Website?<\/h4><p>Cookies und \u00e4hnliche Technologien von Drittanbietern erm\u00f6glichen diesen, f\u00fcr uns Analysen und Auswertungen zu erstellen, damit wir die Verwendung unserer Website nachvollziehen und unser Online-Angebot optimieren k\u00f6nnen. Zudem k\u00f6nnen diese Drittanbieter Sie auf Webseiten und in sozialen Netzwerken, die diese Dritte oder deren Partner betreiben, mit individualisierter Werbung ansprechen und messen, wie wirksam Werbeanzeigen sind (z.B. ob Sie \u00fcber eine Werbeanzeige auf unsere Webseite gelangt sind und welche Aktionen Sie dann auf unserer Webseite ausf\u00fchren). Die entsprechenden Drittanbieter k\u00f6nnen daf\u00fcr die Nutzung der Webseite aufzeichnen und ihre Aufzeichnungen mit weiteren Informationen aus anderen<br \/>Webseiten verbinden. So k\u00f6nnen sie Verhalten der Nutzer \u00fcber mehrere Webseiten und Endger\u00e4te hinweg aufzeichnen, um uns auf dieser Basis statistische Auswertungen zur Verf\u00fcgung zu stellen. Diese Angaben k\u00f6nnen die Anbieter auch f\u00fcr eigene Zwecke verwenden, z.B. f\u00fcr personalisierte Werbung auf der eigenen Webseite oder anderen Webseiten. Falls ein Nutzer beim Anbieter registriert ist, kann dieser die Nutzungsdaten der betreffenden Person zuordnen.<\/p><p>Wir k\u00f6nnen f\u00fcr die Web-Analyse insbesondere mit dem Dienstleister Google zusammenarbeiten. Dazu finden Sie nachstehend weitere Angaben. Wir k\u00f6nnen auch andere Drittanbieter einsetzen, die Personen- und andere Daten in der Regel in \u00e4hnlicher Weise bearbeiten.<\/p><p>Wir setzen auf unserer Webseite Google Analytics ein, einen Analyse-Dienst von Google LLC (Mountain View, USA) und Google Ireland Ltd. (Dublin, Irland). Google erfasst bestimmte Informationen \u00fcber das Verhalten der Nutzer auf der Webseite und \u00fcber das verwendete Endger\u00e4t. Die IP-Adressen der Besucher werden in Europa vor der Weiterleitung in die USA gek\u00fcrzt. Google liefert uns gest\u00fctzt auf die aufgezeichneten Daten Auswertungen, bearbeitet bestimmte Daten aber auch f\u00fcr eigene Zwecke. Informationen zum Datenschutz von Google Analytics finden Sie <a href=\"https:\/\/support.google.com\/analytics\/answer\/6004245\">hier<\/a>, und falls Sie selbst ein Google-Konto haben finden Sie weitere Angaben <a href=\"https:\/\/policies.google.com\/technologies\/partner-sites?hl=de\">hier<\/a>.<\/p><p>\u00a0<\/p><h4>6.3. Wie bearbeiten wir Daten \u00fcber Social Media?<\/h4><p>Wir betreiben auf sozialen Netzwerken und anderen Plattformen eigene Auftritte (insbesondere Instagram, unter dem Account @ap3_atelier_p3_ag, sowie X, unter dem Account ap3_FPL). Wenn Sie dort mit uns kommunizieren oder Inhalte kommentieren oder weiterverbreiten, erheben wir dazu Angaben, die wir vor allem zur Kommunikation mit Ihnen, f\u00fcr Marketingzwecke und f\u00fcr statistische Auswertungen verwenden (dazu Ziff. 4 und 7). Beachten Sie bitte, dass der Anbieter der Plattform Daten (z.B. zum Nutzerverhalten) auch selbst erhebt und verwendet, ggf. zusammen mit anderen ihm bekannten Daten (z.B. f\u00fcr Marketingzwecke oder zur Personalisierung der Plattforminhalte). Soweit wir mit dem jeweiligen Anbieter gemeinsam verantwortlich sind, treffen wir eine entsprechende Vereinbarung, \u00fcber die Sie sich beim Anbieter informieren k\u00f6nnen.<\/p><p>\u00a0<\/p><h4>7. Gibt es weitere Bearbeitungen?<\/h4><p>Ja, denn sehr viele Vorg\u00e4nge sind ohne eine Bearbeitung von Personendaten nicht m\u00f6glich, auch \u00fcbliche und sogar unvermeidliche interne Abl\u00e4ufe. Im Voraus l\u00e4sst sich dies nicht immer genau bestimmen, auch nicht der Umfang der dabei bearbeiteten Daten, aber Sie finden anschliessend Angaben zu typischen (wenn auch nicht unbedingt h\u00e4ufigen) F\u00e4llen:<\/p><p><strong>\u2014 Kommunikation:<\/strong> Wenn wir mit Ihnen in Kontakt stehen (z.B. bei einem Anruf des Kundendiensts oder wenn Sie mit uns auf einer Social-Media-Plattform kommunizieren), bearbeiten wir Angaben \u00fcber Kommunikationsinhalte \u00fcber Art, Zeitpunkt und Ort der Kommunikation. Zu Ihrer Identifikation k\u00f6nnen wir auch Angaben zum Identit\u00e4tsnachweis bearbeiten.<\/p><p><strong>\u2014 Einhaltung rechtlicher Vorgaben:<\/strong> Im Rahmen gesetzlicher Pflichten oder Befugnisse und zur Einhaltung interner Regularien k\u00f6nnen wir Daten an Beh\u00f6rden bekanntgeben.<\/p><p><strong>\u2014 Stellenbewerbungen:<\/strong> Wenn Sie sich auf eine Stelle bei uns bewerben, bearbeiten wir die Daten, die wir im Rahmen des Bewerbungsverfahrens von Ihnen erhalten, und ggf. weitere Daten aus \u00f6ffentlichen Quellen wie bspw. berufsbezogenen sozialen Medien. Wir verwenden diese Daten im Rahmen Ihrer Bewerbung und k\u00f6nnen sie auch f\u00fcr nicht personenbezogene statistische Zwecke verwenden. Wir l\u00f6schen Daten aus erfolglosen Bewerbungen nach 6 Monaten, ausser Sie sind einverstanden, dass wir Ihre Bewerbungsdaten f\u00fcr weitere Daten bei uns behalten, und unter Vorbehalt Ihres Namens und des Bewerbungsdatums.<\/p><p><strong>\u2014 Pr\u00e4vention:<\/strong> Wir bearbeiten Daten zur Verhinderung von Straftaten und anderen Verst\u00f6ssen, bspw. im Rahmen der Betrugsbek\u00e4mpfung oder von internen Untersuchungen.<\/p><p><strong>\u2014 Rechtliche Verfahren:<\/strong> Soweit wir an rechtlichen Verfahren beteiligt sind (z.B. einem Gerichts- oder Verwaltungsverfahren), bearbeiten wir Daten z.B. \u00fcber Verfahrensparteien und andere beteiligte Personen wie z.B. Zeugen oder Auskunftspersonen und geben Daten an solche Parteien, Gerichte und Beh\u00f6rden bekannt, u.U. auch im Ausland.<\/p><p><strong>\u2014 IT-Sicherheit:<\/strong> Daten bearbeiten wir auch f\u00fcr die \u00dcberwachung, Kontrolle, Analyse, Sicherung und \u00dcberpr\u00fcfung unserer IT-Infrastruktur, aber auch f\u00fcr Backups und die Archivierung von Daten.<\/p><p><strong>\u2014 Wettbewerb:<\/strong> Wir bearbeiten Daten \u00fcber unsere Mitbewerber und das Marktumfeld generell (z.B. die politische Lage, Verb\u00e4nde, usw.). Dabei k\u00f6nnen wir auch Daten \u00fcber Schl\u00fcsselpersonen bearbeiten, besonders Name, Kontaktdaten, Rolle oder Funktion und \u00f6ffentliche \u00c4usserungen.<\/p><p><strong>\u2014 Transaktionen:<\/strong> Wenn wir Forderungen, andere Werte, Betriebsteile oder Gesellschaften ver\u00e4ussern oder erwerben, bearbeiten wir Daten im erforderlichen Umfang zur Vorbereitung und Durchf\u00fchrung solcher Transaktionen, z.B. Angaben \u00fcber Kunden bzw. ihre Kontaktpersonen oder Mitarbeiter, und geben entsprechende Daten auch K\u00e4ufern oder Verk\u00e4ufern bekannt.<\/p><p><strong>\u2014 Weitere Zwecke:<\/strong> Auch zu weiteren Zwecken wie z.B. Schulung und Ausbildung, Administration (z.B. Vertragsmanagement, Buchhaltung, Durchsetzung und Abwehr von Anspr\u00fcchen, Evaluation und Verbesserung interner Abl\u00e4ufe, Erstellung anonymer Statistiken und Auswertungen; Erwerb oder Ver\u00e4usserung von Forderungen, Gesch\u00e4ften, Betriebsteilen oder Unternehmen und Wahrung weiterer berechtigter Interessen) k\u00f6nnen wir im erforderlichen Umfang Daten bearbeiten.<\/p><p>\u00a0<\/p><h4>8. Wie lange bearbeiten wir Personendaten?<\/h4><p>Wir bearbeiten Ihre Personendaten, solange es f\u00fcr den Zweck der Bearbeitung erforderlich ist (bei Vertr\u00e4gen in der Regel f\u00fcr die Dauer der Vertragsbeziehung), solange wir ein berechtigtes Interesse an der Speicherung haben (z.B. um rechtliche Anspr\u00fcche durchzusetzen, zur Archivierung und oder dazu, die IT-Sicherheit sicherzustellen) und solange Daten einer gesetzlichen Aufbewahrungspflicht unterliegen (f\u00fcr bestimmte Daten gilt z.B. eine zehnj\u00e4hrige Aufbewahrungsfrist). Nach Ablauf dieser Fristen l\u00f6schen oder anonymisieren wir Ihre Personendaten.<\/p><p>\u00a0<\/p><h4>9. Wie sch\u00fctzen wir Ihre Daten?<\/h4><p>Wir treffen geeignete technische und organisatorische Massnahmen, um eine dem jeweiligen Risiko angemessene Sicherheit Ihrer Personendaten zu gew\u00e4hrleisten. Wir k\u00f6nnen aber keine absolute Datensicherheit gew\u00e4hrleisten; gewisse Restrisiken lassen sich nicht ausschliessen.<\/p><p>\u00a0<\/p><h4>10. Was sind Ihre Rechte?<\/h4><p>Sie haben unter den Voraussetzungen und im Rahmen des anwendbaren Datenschutzrechts bestimmte Rechte, eine Kopie Ihrer Personendaten anzufragen bzw. auf unsere Bearbeitung dieser Daten Einfluss zu nehmen:<\/p><p><strong>\u2014 Auskunft:<\/strong> Sie k\u00f6nnen Auskunft verlangen, ob wir Personendaten \u00fcber Sie bearbeiten, und falls ja welche, und weitere Angaben \u00fcber unsere Datenbearbeitung.<\/p><p><strong>\u2014 Berichtigung:<\/strong> Sie k\u00f6nnen unrichtige Personendaten berichtigen und unvollst\u00e4ndige Daten vervollst\u00e4ndigen lassen.<\/p><p><strong>\u2014 L\u00f6schung und Widerspruch:<\/strong> Sie k\u00f6nnen Personendaten l\u00f6schen lassen und der Bearbeitung ihrer Daten mit Wirkung f\u00fcr die Zukunft widersprechen.<\/p><p><strong>\u2014 \u00dcbertragung:<\/strong> Sie k\u00f6nnen die Personendaten, die Sie uns bereitgestellt haben, in einem strukturierten, g\u00e4ngigen und maschinenlesbaren Format zu erhalten, soweit die entsprechende Datenbearbeitung auf Ihrer Einwilligung beruht oder zur Vertragserf\u00fcllung erforderlich ist.<\/p><p><strong>\u2014 Widerruf:<\/strong> Soweit wir Daten auf Basis Ihrer Einwilligung bearbeiten, k\u00f6nnen Sie die Einwilligung jederzeit widerrufen. Der Widerruf gilt nur f\u00fcr die Zukunft, und wir behalten uns vor, Daten im Fall eines Widerrufs gest\u00fctzt auf eine andere Grundlage weiterhin zu bearbeiten.<\/p><p>Wenn Sie ein solches Recht in Anspruch nehmen wollen, wenden Sie sich gerne an uns (Ziff. 2). In der Regel m\u00fcssen wir dabei Ihre Identit\u00e4t pr\u00fcfen.<\/p><p>Es steht Ihnen zudem auch frei, bei der zust\u00e4ndigen Aufsichtsbeh\u00f6rde eine Beschwerde gegen unsere Bearbeitung Ihrer Daten einzureichen, d.h., in der Schweiz beim Eidgen\u00f6ssischen Datenschutz- und \u00d6ffentlichkeitsbeauftragten (ED\u00d6B).<\/p><p>\u00a0<\/p>\t\t\t\t\t\t\t\t<\/div>\n\t\t\t\t\t<\/div>\r\n\t\t\t\t<\/div>\r\n\t\t\t\t<\/div>\n\t\t","protected":false},"excerpt":{"rendered":"<p>1. Worum geht es in dieser Datenschutzerkl\u00e4rung? Wir erl\u00e4utern in dieser Datenschutzerkl\u00e4rung, wie wir im Rahmen unserer Gesch\u00e4ftst\u00e4tigkeit und im Zusammenhang mit unserer Website Personendaten bearbeiten, soweit eine Bearbeitung nicht offensichtlich ist und das anwendbare Datenschutzrecht eine Information verlangt. Diese Datenschutzerkl\u00e4rung dient der Information und ist nicht Bestandteil eines Vertrags mit Ihnen, auch wenn ein [&hellip;]<\/p>\n","protected":false},"author":1,"featured_media":0,"parent":0,"menu_order":0,"comment_status":"closed","ping_status":"closed","template":"","meta":{"footnotes":""},"class_list":["post-23249","page","type-page","status-publish","hentry"],"_links":{"self":[{"href":"https:\/\/ap3.ch\/home\/wp-json\/wp\/v2\/pages\/23249","targetHints":{"allow":["GET"]}}],"collection":[{"href":"https:\/\/ap3.ch\/home\/wp-json\/wp\/v2\/pages"}],"about":[{"href":"https:\/\/ap3.ch\/home\/wp-json\/wp\/v2\/types\/page"}],"author":[{"embeddable":true,"href":"https:\/\/ap3.ch\/home\/wp-json\/wp\/v2\/users\/1"}],"replies":[{"embeddable":true,"href":"https:\/\/ap3.ch\/home\/wp-json\/wp\/v2\/comments?post=23249"}],"version-history":[{"count":0,"href":"https:\/\/ap3.ch\/home\/wp-json\/wp\/v2\/pages\/23249\/revisions"}],"wp:attachment":[{"href":"https:\/\/ap3.ch\/home\/wp-json\/wp\/v2\/media?parent=23249"}],"curies":[{"name":"wp","href":"https:\/\/api.w.org\/{rel}","templated":true}]}}